umber?
True
Is 10529 composite?
False
Is 3554 composite?
True
Is 66217 prime?
False
Is 50689 a composite number?
True
Is 77791 composite?
True
Is 64131 a prime number?
False
Is 20209 a prime number?
False
Is 32849 composite?
True
Is 260143 a prime number?
False
Is 6921493 a composite number?
False
Is 151358 composite?
True
Is 97459 composite?
False
Is 464467 composite?
False
Is 436811 composite?
False
Is 1725287 a composite number?
False
Is 352481 composite?
False
Is 277274 a prime number?
False
Is 64217 prime?
True
Is 285191 composite?
False
Is 16367 a prime number?
False
Is 631 a prime number?
True
Is 167861 composite?
False
Is 33997 a prime number?
True
Is 780583 composite?
False
Is 8947 composite?
True
Is 36758 a composite number?
True
Is 37627 prime?
False
Is 424889 a composite number?
False
Is 29837 composite?
False
Is 125381 a composite number?
True
Is 235459 prime?
False
Is 166393 composite?
False
Is 720127 a prime number?
True
Is 23971 a prime number?
True
Is 168001 composite?
True
Is 2005271 a composite number?
True
Is 17513 prime?
False
Is 37399 a composite number?
True
Is 1028199 composite?
True
Is 272077 a composite number?
True
Is 9619 composite?
False
Is 721793 prime?
True
Is 588769 prime?
False
Is 254 a composite number?
True
Is 133847 a composite number?
True
Is 741383 prime?
False
Is 17687 prime?
False
Is 412837 a prime number?
False
Is 43211 composite?
True
Is 18341 a composite number?
False
Is 1081219 a prime number?
True
Is 22141 prime?
False
Is 19961 prime?
True
Is 28181 prime?
True
Is 38083 prime?
True
Is 148727 a prime number?
True
Is 24169 composite?
False
Is 99982 a composite number?
True
Is 12655 prime?
False
Is 29657 composite?
True
Is 1012163 a prime number?
False
Is 123059 a prime number?
True
Is 877 a prime number?
True
Is 588407 a prime number?
False
Is 151309 composite?
True
Is 319639 prime?
True
Is 6711 a composite number?
True
Is 44491 prime?
True
Is 40619 a prime number?
False
Is 49253 prime?
True
Is 12079 prime?
False
Is 279731 composite?
False
Is 242887 prime?
True
Is 117779 a prime number?
True
Is 1745 composite?
True
Is 63881 prime?
False
Is 6493495 a prime number?
False
Is 145349 a composite number?
False
Is 420539 prime?
False
Is 17753 composite?
True
Is 361723 composite?
False
Is 37871 a composite number?
False
Is 105607 a prime number?
True
Is 32329 a composite number?
True
Is 11383 a composite number?
False
Is 49031 a prime number?
True
Is 1212737 a prime number?
True
Is 240371 a prime number?
True
Is 86027 composite?
False
Is 6411 a composite number?
True
Is 290534 a prime number?
False
Is 82217 composite?
False
Is 97863 composite?
True
Is 595099 a prime number?
False
Is 45701 a composite number?
True
Is 22291 prime?
True
Is 26083 composite?
False
Is 850997 a composite number?
True
Is 57689 a prime number?
True
Is 494237 prime?
True
Is 27221 a composite number?
True
Is 274471 a composite number?
False
Is 407 a prime number?
False
Is 576763 a prime number?
False
Is 3010787 prime?
False
Is 311047 prime?
False
Is 42433 a prime number?
True
Is 187303 prime?
True
Is 21683 a composite number?
False
Is 3967 prime?
True
Is 61571 composite?
True
Is 44159 a composite number?
False
Is 24599 prime?
False
Is 1513 a prime number?
False
Is 147391 a composite number?
False
Is 7061 a composite number?
True
Is 72859 a prime number?
True
Is 39049 a prime number?
False
Is 64399 prime?
True
Is 4979 a prime number?
False
Is 1135 prime?
False
Is 80573 composite?
True
Is 76283 composite?
False
Is 15383 composite?
False
Is 51929 prime?
True
Is 49103 a prime number?
True
Is 669 prime?
False
Is 255313 prime?
True
Is 51593 a prime number?
True
Is 68863 a composite number?
False
Is 95333 a prime number?
False
Is 465411 a prime number?
False
Is 46393 composite?
True
Is 2041 a composite number?
True
Is 238897 prime?
True
Is 555245 composite?
True
Is 107171 prime?
True
Is 3097261 prime?
True
Is 189313 prime?
False
Is 20389 prime?
True
Is 167711 composite?
False
Is 69899 prime?
True
Is 48731 a composite number?
False
Is 8735 a composite number?
True
Is 495947 prime?
True
Is 5039 composite?
False
Is 355195 a prime number?
False
Is 899051 composite?
False
Is 457 composite?
False
Is 2402 a prime number?
False
Is 209215 prime?
False
Is 20789 a prime number?
True
Is 7103 prime?
True
Is 6863 a prime number?
True
Is 71813 prime?
False
Is 29801 a composite number?
True
Is 921469 composite?
True
Is 2099 a prime number?
True
Is 7901 a prime number?
True
Is 82169 prime?
False
Is 434957 a composite number?
False
Is 1317029 prime?
False
Is 51539 prime?
True
Is 1243 prime?
False
Is 78977 a prime number?
True
Is 79819 a prime number?
False
Is 56423 a composite number?
True
Is 5737 prime?
True
Is 72799 a prime number?
False
Is 77603 composite?
True
Is 435059 a composite number?
False
Is 75559 a prime number?
False
Is 444583 a composite number?
True
Is 3364093 composite?
False
Is 2533 prime?
False
Is 712471 a composite number?
True
Is 4817 a prime number?
True
Is 3127 a prime number?
False
Is 24439 composite?
False
Is 16729 prime?
True
Is 173291 a composite number?
False
Is 120499 prime?
False
Is 7143 prime?
False
Is 199961 composite?
False
Is 24727 a prime number?
False
Is 54401 a prime number?
True
Is 1025059 a prime number?
False
Is 4583 a prime number?
True
Is 344479 a composite number?
False
Is 228485 a prime number?
False
Is 485151 composite?
True
Is 499567 composite?
True
Is 900871 a prime number?
False
Is 377459 composite?
False
Is 3793 prime?
True
Is 2774611 composite?
True
Is 7103 composite?
False
Is 5177 a prime number?
False
Is 478337 prime?
False
Is 42611 composite?
False
Is 26902 composite?
True
Is 15401 composite?
False
Is 3779 prime?
True
Is 91703 a prime number?
True
Is 190243 prime?
True
Is 38719 a composite number?
True
Is 21237 prime?
False
Is 246271 prime?
True
Is 293953 composite?
True
Is 233 prime?
True
Is 41863 a composite number?
False
Is 208303 a prime number?
False
Is 6143 composite?
False
Is 1393739 prime?
True
Is 15101 a prime number?
True
Is 162359 prime?
True
Is 289463 prime?
True
Is 33382 composite?
True
Is 167861 a composite number?
False
Is 307313 composite?
True
Is 9391 a composite number?
False
Is 1820387 a composite number?
False
Is 2633 composite?
False
Is 168899 a composite number?
False
Is 9357 composite?
True
Is 6499 a prime number?
False
Is 6542 prime?
False
Is 9403 composite?
False
Is 1335889 a composite number?
False
Is 495247 a composite number?
True
Is 19541 a composite number?
False
Is 885127 a composite number?
False
Is 48199 prime?
False
Is 555473 a prime number?
False
Is 2633 prime?
True
Is 126097 prime?
True
Is 441571 prime?
False
Is 194239 a prime number?
True
Is 1084443 a prime number?
False
Is 709601 composite?
True
Is 25013 prime?
True
Is 109211 a composite number?
False
Is 114877 a composite number?
True
Is 74797 composite?
False
Is 20507 a composite number?
False
Is 6899 a prime number?
True
Is 408533 a prime number?
True
Is 59249 prime?
False
Is 29213 a prime number?
False
Is 14687 a prime number?
False
Is 301298 a prime number?
False
Is 131861 a composite number?
False
Is 20765 a composite number?
True
Is 5147 a prime number?
True
Is 22013 a prime number?
True
Is 1137161 a composite number?
False
Is 767731 composite?
True
Is 79087 prime?
True
Is 418753 a composite number?
True
Is 1128299 composite?
False
Is 50419 composite?
True
Is 222923 a prime number?
False
Is 866797 a prime number?
False
Is 296099 prime?
True
Is 154543 composite?
False
Is 4553 composite?
True
Is 36851 a prime number?
False
Is 45647 prime?
False
Is 423967 a composite number?
True
Is 13643 prime?
False
Is 1369 a prime number?
False
Is 939071 a composite number?
True
Is 22513 a prime number?
False
Is 9391 composite?
False
Is 191 a composite number?
False
Is 1822826 composite?
True
Is 7233 prime?
False
Is 20873 a composite number?
False
Is 112397 a composite number?
False
Is 73946 a composite number?
True
Is 88459 a prime number?
False
Is 2437 prime?
True
Is 2939 a composite number?
False
Is 28151 composite?
False
Is 52891 composite?
True
Is 2503 composite?
False
Is 5731 composite?
True
Is 30353 prime?
False
Is 4703 a composite number?
False
Is 2101 prime?
False
Is 24539 a composite number?
True
Is 536974 a composite 